. Let l(w) = 74*w + 34. Let m(i) = 5*l(i) - 18*q(i). Give m(5).
-50
Let n be (2 - 6 - 6/(-1)) + -11. Let t(a) = -a**3 - 9*a**2 - a - 12. Calculate t(n).
-3
Let w(o) = o**2 + 44*o - 37. Let k be w(-45). Let z(q) = -q**3 + 10*q**2 - 18*q + 22. Give z(k).
6
Let g(z) be the second derivative of 9*z + 0 - 3/10*z**5 - 1/12*z**4 + 0*z**2 + 1/6*z**3. Calculate g(1).
-6
Let r(l) = -7*l**2 - 27*l - 5. Let o(g) = 3*g**2 + 12*g + 3. Let h(f) = -5*o(f) - 2*r(f). What is h(-4)?
3
Let o(r) = -r**2 + 6*r + 2. Let h = 212 - 203. What is o(h)?
-25
Let g(f) be the second derivative of 11/2*f**2 + 0 + 1/6*f**3 + 3*f. Let b(d) = d**2 - 4*d - 5. Let c be b(4). Determine g(c).
6
Let v(d) = d**3 - 4*d**2 - 5*d + 7. Let j be (-1 - 0)*(-5 - -3). Suppose -2*r + j = -r. Let q = r + 3. Give v(q).
7
Suppose 0 = -5*b - 0 + 15. Let h(m) be the second derivative of 3*m**3/2 - 9*m**2/2 - 2*m. Let a(f) = -13*f + 13. Let y(i) = 5*a(i) + 7*h(i). Determine y(b).
-4
Suppose -m = 4*d - 41, 5*m = -2*d - 0*d + 25. Let w be (-115)/20 + 5 - d/8. Let l(i) = 2*i**2 - 2. Calculate l(w).
6
Suppose 5*d - 11 = 3*w, -3*d + 4*w - 5*w = -15. Let l = 0 + d. Let k(i) be the second derivative of -i**3/3 + 3*i**2/2 - 559*i. Determine k(l).
-5
Let x(a) = -2*a + 6. Let q(h) = -h**2 + 11*h - 16. Let v be q(9). Suppose v*y + 3*y + 95 = 0. Let j = y + 23. Determine x(j).
-2
Suppose -2*d = 2*v - 1 - 1, -3*d - 22 = -2*v. Let o(l) be the first derivative of l**2 + 2*l + 8. Determine o(d).
-6
Let a(r) = -r**2 - 15*r + 17. Suppose 9*n = -188 + 44. Give a(n).
1
Suppose 34*u - 69*u = 0. Let t(g) be the second derivative of 8*g - g**2 + 0*g**3 - 1/12*g**4 + u. What is t(0)?
-2
Let h(d) = -d**3 - 5*d**2 + 5*d. Let j = -70 + 64. Calculate h(j).
6
Let q be (2 + -13)/(-1) + (-26 - -21). Let z(t) = -3*t - 1. Give z(q).
-19
Let j = 1501 - 1494. Let r(c) = c**2 - 6*c + 12. Give r(j).
19
Let k(x) = x**2 - 9*x + 9. Let o(n) = -16*n + 2. Let b be o(1). Let s = 15 + b. Let i be (5 + 7)/(2/s). What is k(i)?
-9
Let o = -1 + 3. Let v be -3*-2*-5*3/(-30). Let q(u) = -v*u**2 + 4*u**2 - 3*u**o - 3*u - 6 + 3*u**2. Calculate q(6).
12
Let n = 10 + -8. Let z(h) = -4 + h + 0*h + 0*h. Calculate z(n).
-2
Let d(q) = 10*q**2 - 2*q - 8. Let x(k) = 10*k**2 - 4*k - 9. Let c(u) = -4*d(u) + 5*x(u). Calculate c(-1).
9
Let x(w) be the second derivative of -w**5/20 + w**4/3 - w**3/3 - w**2 + 3*w. Let a be x(3). Let c(j) = -10*j**3 + 0 - 4*j**3 + 2*j**3 - a. What is c(1)?
-13
Let k(f) = -f**2 + 6*f. Let y = 24 + -17. Give k(y).
-7
Let a(m) = -3*m**2 - 2. Let i(d) = d**3 - 22*d**2 - 7*d - 16. Let b(p) = 6*a(p) - i(p). What is b(5)?
14
Suppose 3*m = -2*c + 6*c + 20, c = -2. Let o(i) be the third derivative of 0*i - 5/24*i**4 + 13*i**2 + 1/120*i**6 + 0 - 1/20*i**5 + 1/2*i**3. What is o(m)?
-1
Let b(i) be the second derivative of -i**3/2 - 5*i**2/2 - 6*i - 2. Give b(-6).
13
Let l(z) = z**2 + 3 - 2*z**2 + 8*z + 9*z - 9*z. Suppose -2*b + 2*f = -22, 4*b - 14 = -3*f + 9. Determine l(b).
3
Let c(s) = s**3 - 4*s**2 + 4*s - 2. Let l(f) = 30*f**3 - 31*f**3 - f - 8 - 7*f**2 - 3*f**2. Let o be l(-10). Determine c(o).
-2
Let h(i) = -9*i**2 + 12*i - 12. Let f = -17 + 17. Suppose -r - r - 6 = f. Let o(b) = -4*b**2 + 6*b - 6. Let u(p) = r*h(p) + 7*o(p). What is u(4)?
2
Let m(g) = 2*g + 4. Let a(q) = q + 3. Let t be 13/(-1 - 6/(-3)). Suppose 8 = 3*o - t. Let p(z) = o*a(z) - 5*m(z). Calculate p(1).
-2
Suppose 3*j = 16*h - 20*h - 3, j + 1 = 4*h. Let i(a) = 36*a. Calculate i(j).
-36
Let w be -9 - (-18)/3 - 2. Suppose 0*a = 3*a - 9. Let g(y) = 3 + y**2 + 7*y - 3 - 5 + a. Calculate g(w).
-12
Let o(y) be the second derivative of -y**4/12 + y**2/2 - y. Suppose k + 2*v + 20 = 0, 3*k + 4*v + 10 = -60. Let m = 32 + k. Give o(m).
-3
Let g(o) = 13*o**3 + 30*o**2 + 57*o + 46. Let k(z) = -3*z**3 - 8*z**2 - 14*z - 12. Let u(i) = 2*g(i) + 9*k(i). Determine u(-11).
-5
Let d(z) be the second derivative of -z**5/5 + z**4/12 - z**3/3 + z**2/2 + 245*z. Determine d(1).
-4
Let u(p) = -10*p + 1. Suppose -4 = 2*x - x. Let b = 1 - x. Suppose -c = -6 + b. Give u(c).
-9
Suppose -3*u = -8*u. Suppose 3*w + u*w + 3 = 0. Let b(l) be the second derivative of -2*l**3/3 - 1600*l. Determine b(w).
4
Let s = 20681/20 - 1034. Let z(p) be the second derivative of -6*p + 0 - s*p**5 + 1/6*p**3 + 3/2*p**2 - 5/12*p**4. Calculate z(-4).
-17
Let f(h) = 4 - 34*h**2 + 35*h**2 + 16*h - 12*h. Let n be f(-5). Let r(j) = -j + 3. What is r(n)?
-6
Let c(w) = 32 + 26 - 6*w + 25 - 80. Determine c(2).
-9
Let d(c) be the second derivative of c**3/6 - c**2/2 + 13*c. Suppose 0 = 4*x + l + 6, 0*x + 2*l - 2 = -x. Calculate d(x).
-3
Suppose 8*g = 7*g + 5. Let m(c) = -c**2 - 2*c + 4. Determine m(g).
-31
Let r(b) = b**3 + 1 + 3 - 2*b**2 - 4*b - 6. Let j(i) = -i**3 + 70*i**2 + 19*i + 3696. Let p be j(71). Calculate r(p).
14
Let z(j) = 2*j - 1. Let h(l) = 7*l - 10. Let s(t) = -h(t) + 3*z(t). Let a = -9 + 16. Determine s(a).
0
Let t(a) = a - 4. Let u be t(8). Let s(h) = -h**2 + h + 7. Let n be s(0). Let o(k) = 2*k - n*k + 4*k**2 - 4 + 3 - 3*k**2. Calculate o(u).
-5
Let t(c) = -7*c + 12. Let y(x) = -3*x + 5. Let a(o) = 4*t(o) - 9*y(o). Give a(3).
0
Let d be (-1)/((-6)/(-8) - 2/8). Let s(k) be the first derivative of -k**4/4 + k**3 + k**2 + k - 1. Determine s(d).
17
Let w(y) = -y**3 - 16*y**2 + 1. Let g be w(-16). Let u(p) = -p**3 + 0 - g + 2*p**3 - 2. Let s be u(0). Let k(o) = -2*o**3 - 4*o**2 + 2*o + 2. What is k(s)?
14
Let v(q) = -q**2 + 7*q + 10. Suppose -4*l = -l + 12, -6 = f + l. Let t be (143/44 - f/8)*2. Calculate v(t).
10
Let h(w) = w**2 + 3*w - 12. Let y be h(-6). Let t(c) = -c**2 + 2*c + 6. What is t(y)?
-18
Let r(b) = -b**3 + 8*b**2 + 8*b + 13. Suppose 0 = -a + 6*a + 20. Let d be 5 - (0/1 + a). Give r(d).
4
Let t(k) = -5*k + k + 5*k. Suppose -238*h + 240*h = -6. Determine t(h).
-3
Let v(g) = g**3 + 6*g**2 + 4*g - 6. Let q(m) = m**3 + 7*m**2 - m - 16. Let o be q(-7). Let y be (-4)/18 - (-43)/o. What is v(y)?
-1
Let u = 73 - 73. Suppose -y + 2*y - 18 = 5*w, u = -4*y + 4*w + 40. Let d(z) = z**2 - 7*z - 9. Give d(y).
-1
Let y(l) = -l**3 - 3*l**2 + 3*l - 4. Suppose 31 = -18*b - 41. Determine y(b).
0
Let s(j) = -3*j**3 + 2*j**2 + 35*j + 19. Let b(p) = -p**3 + p**2 + 12*p + 6. Let r(x) = -11*b(x) + 4*s(x). Determine r(-5).
20
Let z(r) = -5*r**3 - r**2 - 2*r + 2. Suppose 0 = 20*u - 17*u - 3. Give z(u).
-6
Let j(d) be the first derivative of 19*d**4/4 + d**3/3 + 1. Let s be (2/6)/(-1 + 3*(-8)/(-36)). Determine j(s).
-18
Let u(t) be the third derivative of -t**4/24 - 3*t**3/2 + t**2. Suppose 2*h + h = -6. Let n be (h + 1)*0*(-4)/16. Calculate u(n).
-9
Let v(l) = 138*l**2 - 2*l**3 - 51*l**2 - 3 - 39*l**2 - 47*l**2 + 3*l. Let h = -7 + 3. Let p = 6 + h. Determine v(p).
-9
Let x(v) = -v**3 - v**2 - v. Let b(z) be the third derivative of 1/24*z**4 + 1/2*z**3 - 6*z**2 + 0 + 0*z. Let u be b(-4). What is x(u)?
1
Let u(r) = -1 - 2*r + r - 1. Suppose -2 = -4*a - 6. What is u(a)?
-1
Let v(a) be the first derivative of -a**4/4 + 2*a**3/3 + 3*a**2/2 - 12. Let j be v(-2). Suppose -j*o = -4*o - 30. Let c(y) = -y**2 + 6*y - 5. Calculate c(o).
0
Let f be (-2)/8 - (77/44 + 12). Let w(j) = j + 20. Give w(f).
6
Let d be (2/16)/(4/32). Let o(a) = a - 3 + 7 - 5 + 2*a**2. Determine o(d).
2
Let a(w) be the first derivative of 8*w**3/3 - w**2 + w - 1. Suppose -5*z = 4*c - 9, -2*z + 3*c - 12 = -11. Give a(z).
7
Let h(v) = v**2 + 5*v + 6. Let u be h(-3). Let l = -2 - u. Let r be (l + 3)/((-1)/(-4)). Let q(k) = k**2 - 5*k + 3. Calculate q(r).
-1
Let m(r) = 21*r - 8*r - 14*r - 8. Calculate m(-10).
2
Let y(x) be the third derivative of -x**6/45 + x**5/120 + x**4/24 + 49*x**3/6 - 26*x**2 + x. Let v(w) be the first derivative of y(w). Determine v(-1).
-8
Let y(d) = -83*d + 2*d**3 + 155*d - 6 - d**3 + 6*d**2 - 73*d. What is y(-6)?
0
Suppose 2*r - 4*u - 19 = u, -2*u - 37 = -5*r. Suppose -2*h = 8, -r = -4*i + 3*h - 3. Let w(y) = -y**2 + y. Give w(i).
-6
Let t(v) be the third derivative of -v**6/120 + v**5/5 - v**4/24 + 3*v**3/2 - 2*v**2 + 3*v. Determine t(12).
-3
Let s(g) = -4*g - 6. Let i be s(-7). Suppose 0 = 19*h - i*h. Suppose h*k - k = -4. Let j(w) = -w**2 + 6*w - 1. Give j(k).
7
Let u(o) = -o**3 + 11*o**2 - 6. Let w = -819 + 830. What is u(w)?
-6
Suppose 5*r = 4*a - 26, -r - 3 = 4*a - 17. Let p(w) = w - 4. What is p(a)?
0
Suppose -r + 0 + 7 = -2*z, 2*z - 